{"id":5114,"date":"2026-02-07T10:43:52","date_gmt":"2026-02-07T10:43:52","guid":{"rendered":"http:\/\/figurkiporcelanowe.eu\/wp-content\/uploads\/2026\/02\/Rosenthal-R.-Foster-Taniec-z-wezem-b-D.jpg"},"modified":"2026-02-07T10:43:52","modified_gmt":"2026-02-07T10:43:52","slug":"rosenthal-r-foster-taniec-z-wezem","status":"inherit","type":"attachment","link":"https:\/\/figurkiporcelanowe.eu\/?attachment_id=5114","title":{"rendered":"Rosenthal-R.-Foster-Taniec-z-w\u0119\u017cem"},"author":1,"featured_media":0,"comment_status":"closed","ping_status":"closed","template":"","meta":[],"class_list":["post-5114","attachment","type-attachment","status-inherit","hentry"],"description":{"rendered":"<p class=\"attachment\"><a href='https:\/\/figurkiporcelanowe.eu\/wp-content\/uploads\/2026\/02\/Rosenthal-R.-Foster-Taniec-z-wezem-b-D.jpg'><img loading=\"lazy\" decoding=\"async\" width=\"150\" height=\"300\" src=\"https:\/\/figurkiporcelanowe.eu\/wp-content\/uploads\/2026\/02\/Rosenthal-R.-Foster-Taniec-z-wezem-b-D-150x300.jpg\" class=\"attachment-medium size-medium\" alt=\"\" srcset=\"https:\/\/figurkiporcelanowe.eu\/wp-content\/uploads\/2026\/02\/Rosenthal-R.-Foster-Taniec-z-wezem-b-D-150x300.jpg 150w, https:\/\/figurkiporcelanowe.eu\/wp-content\/uploads\/2026\/02\/Rosenthal-R.-Foster-Taniec-z-wezem-b-D-510x1024.jpg 510w, https:\/\/figurkiporcelanowe.eu\/wp-content\/uploads\/2026\/02\/Rosenthal-R.-Foster-Taniec-z-wezem-b-D-768x1541.jpg 768w, https:\/\/figurkiporcelanowe.eu\/wp-content\/uploads\/2026\/02\/Rosenthal-R.-Foster-Taniec-z-wezem-b-D-765x1536.jpg 765w, https:\/\/figurkiporcelanowe.eu\/wp-content\/uploads\/2026\/02\/Rosenthal-R.-Foster-Taniec-z-wezem-b-D-1021x2048.jpg 1021w, https:\/\/figurkiporcelanowe.eu\/wp-content\/uploads\/2026\/02\/Rosenthal-R.-Foster-Taniec-z-wezem-b-D.jpg 1200w\" sizes=\"auto, (max-width: 150px) 100vw, 150px\" \/><\/a><\/p>\n"},"caption":{"rendered":"<p>Rosenthal-R.-Foster-Taniec-z-w\u0119\u017cem<\/p>\n"},"alt_text":"","media_type":"image","mime_type":"image\/jpeg","media_details":{"width":1200,"height":2408,"file":"2026\/02\/Rosenthal-R.-Foster-Taniec-z-wezem-b-D.jpg","filesize":1048253,"sizes":{"medium":{"file":"Rosenthal-R.-Foster-Taniec-z-wezem-b-D-150x300.jpg","width":150,"height":300,"filesize":18008,"mime_type":"image\/jpeg","source_url":"https:\/\/figurkiporcelanowe.eu\/wp-content\/uploads\/2026\/02\/Rosenthal-R.-Foster-Taniec-z-wezem-b-D-150x300.jpg"},"large":{"file":"Rosenthal-R.-Foster-Taniec-z-wezem-b-D-510x1024.jpg","width":510,"height":1024,"filesize":90267,"mime_type":"image\/jpeg","source_url":"https:\/\/figurkiporcelanowe.eu\/wp-content\/uploads\/2026\/02\/Rosenthal-R.-Foster-Taniec-z-wezem-b-D-510x1024.jpg"},"thumbnail":{"file":"Rosenthal-R.-Foster-Taniec-z-wezem-b-D-150x150.jpg","width":150,"height":150,"filesize":11430,"mime_type":"image\/jpeg","source_url":"https:\/\/figurkiporcelanowe.eu\/wp-content\/uploads\/2026\/02\/Rosenthal-R.-Foster-Taniec-z-wezem-b-D-150x150.jpg"},"medium_large":{"file":"Rosenthal-R.-Foster-Taniec-z-wezem-b-D-768x1541.jpg","width":768,"height":1541,"filesize":159476,"mime_type":"image\/jpeg","source_url":"https:\/\/figurkiporcelanowe.eu\/wp-content\/uploads\/2026\/02\/Rosenthal-R.-Foster-Taniec-z-wezem-b-D-768x1541.jpg"},"1536x1536":{"file":"Rosenthal-R.-Foster-Taniec-z-wezem-b-D-765x1536.jpg","width":765,"height":1536,"filesize":160387,"mime_type":"image\/jpeg","source_url":"https:\/\/figurkiporcelanowe.eu\/wp-content\/uploads\/2026\/02\/Rosenthal-R.-Foster-Taniec-z-wezem-b-D-765x1536.jpg"},"2048x2048":{"file":"Rosenthal-R.-Foster-Taniec-z-wezem-b-D-1021x2048.jpg","width":1021,"height":2048,"filesize":243667,"mime_type":"image\/jpeg","source_url":"https:\/\/figurkiporcelanowe.eu\/wp-content\/uploads\/2026\/02\/Rosenthal-R.-Foster-Taniec-z-wezem-b-D-1021x2048.jpg"},"post-thumbnail":{"file":"Rosenthal-R.-Foster-Taniec-z-wezem-b-D-825x510.jpg","width":825,"height":510,"filesize":51734,"mime_type":"image\/jpeg","source_url":"https:\/\/figurkiporcelanowe.eu\/wp-content\/uploads\/2026\/02\/Rosenthal-R.-Foster-Taniec-z-wezem-b-D-825x510.jpg"},"full":{"file":"Rosenthal-R.-Foster-Taniec-z-wezem-b-D.jpg","width":1200,"height":2408,"mime_type":"image\/jpeg","source_url":"https:\/\/figurkiporcelanowe.eu\/wp-content\/uploads\/2026\/02\/Rosenthal-R.-Foster-Taniec-z-wezem-b-D.jpg"}},"image_meta":{"aperture":"0","credit":"Ryszard Gacek","camera":"","caption":"Rosenthal-R.-Foster-Taniec-z-w\u0119\u017cem","created_timestamp":"0","copyright":"\u00a9 copyright by Ryszard Gacek - wszelkie prawa zastrze\u017cone","focal_length":"0","iso":"0","shutter_speed":"0","title":"Rosenthal-R.-Foster-Taniec-z-w\u0119\u017cem","orientation":"1","keywords":["porcelain figurine","Porzellanfigur","figur","mark","figurine de porcelaine","figurka porcelanowa"]}},"post":null,"source_url":"https:\/\/figurkiporcelanowe.eu\/wp-content\/uploads\/2026\/02\/Rosenthal-R.-Foster-Taniec-z-wezem-b-D.jpg","_links":{"self":[{"href":"https:\/\/figurkiporcelanowe.eu\/index.php?rest_route=\/wp\/v2\/media\/5114","targetHints":{"allow":["GET"]}}],"collection":[{"href":"https:\/\/figurkiporcelanowe.eu\/index.php?rest_route=\/wp\/v2\/media"}],"about":[{"href":"https:\/\/figurkiporcelanowe.eu\/index.php?rest_route=\/wp\/v2\/types\/attachment"}],"author":[{"embeddable":true,"href":"https:\/\/figurkiporcelanowe.eu\/index.php?rest_route=\/wp\/v2\/users\/1"}],"replies":[{"embeddable":true,"href":"https:\/\/figurkiporcelanowe.eu\/index.php?rest_route=%2Fwp%2Fv2%2Fcomments&post=5114"}]}}

Rosenthal-R.-Foster-Taniec-z-wężem

<p>Rosenthal-R.-Foster-Taniec-z-wężem</p>

© copyright by Ryszard Gacek - wszelkie prawa zastrzeżone
