{"id":3456,"date":"2019-12-02T10:43:48","date_gmt":"2019-12-02T10:43:48","guid":{"rendered":"http:\/\/figurkiporcelanowe.eu\/wp-content\/uploads\/2019\/12\/Rosenthal-M.Fritz-Ch\u0142opiec-z-sarenk\u0105-b-b-D.jpg"},"modified":"2019-12-02T10:43:48","modified_gmt":"2019-12-02T10:43:48","slug":"rosenthal-m-fritz-chlopiec-z-sarenka-b-2","status":"inherit","type":"attachment","link":"https:\/\/figurkiporcelanowe.eu\/?attachment_id=3456","title":{"rendered":"Rosenthal-M.Fritz-Ch\u0142opiec-z-sarenk\u0105-b"},"author":1,"featured_media":0,"comment_status":"closed","ping_status":"closed","template":"","meta":[],"class_list":["post-3456","attachment","type-attachment","status-inherit","hentry"],"description":{"rendered":"<p class=\"attachment\"><a href='https:\/\/figurkiporcelanowe.eu\/wp-content\/uploads\/2019\/12\/Rosenthal-M.Fritz-Ch\u0142opiec-z-sarenk\u0105-b-b-D.jpg'><img loading=\"lazy\" decoding=\"async\" width=\"156\" height=\"300\" src=\"https:\/\/figurkiporcelanowe.eu\/wp-content\/uploads\/2019\/12\/Rosenthal-M.Fritz-Ch\u0142opiec-z-sarenk\u0105-b-b-D-156x300.jpg\" class=\"attachment-medium size-medium\" alt=\"\" srcset=\"https:\/\/figurkiporcelanowe.eu\/wp-content\/uploads\/2019\/12\/Rosenthal-M.Fritz-Ch\u0142opiec-z-sarenk\u0105-b-b-D-156x300.jpg 156w, https:\/\/figurkiporcelanowe.eu\/wp-content\/uploads\/2019\/12\/Rosenthal-M.Fritz-Ch\u0142opiec-z-sarenk\u0105-b-b-D-768x1477.jpg 768w, https:\/\/figurkiporcelanowe.eu\/wp-content\/uploads\/2019\/12\/Rosenthal-M.Fritz-Ch\u0142opiec-z-sarenk\u0105-b-b-D-532x1024.jpg 532w, https:\/\/figurkiporcelanowe.eu\/wp-content\/uploads\/2019\/12\/Rosenthal-M.Fritz-Ch\u0142opiec-z-sarenk\u0105-b-b-D.jpg 1200w\" sizes=\"auto, (max-width: 156px) 100vw, 156px\" \/><\/a><\/p>\n"},"caption":{"rendered":"<p>Rosenthal-M.Fritz-Ch\u0142opiec-z-sarenk\u0105-b<\/p>\n"},"alt_text":"","media_type":"image","mime_type":"image\/jpeg","media_details":{"width":1200,"height":2308,"file":"2019\/12\/Rosenthal-M.Fritz-Ch\u0142opiec-z-sarenk\u0105-b-b-D.jpg","sizes":{"thumbnail":{"file":"Rosenthal-M.Fritz-Ch\u0142opiec-z-sarenk\u0105-b-b-D-150x150.jpg","width":150,"height":150,"mime_type":"image\/jpeg","source_url":"https:\/\/figurkiporcelanowe.eu\/wp-content\/uploads\/2019\/12\/Rosenthal-M.Fritz-Ch\u0142opiec-z-sarenk\u0105-b-b-D-150x150.jpg"},"medium":{"file":"Rosenthal-M.Fritz-Ch\u0142opiec-z-sarenk\u0105-b-b-D-156x300.jpg","width":156,"height":300,"mime_type":"image\/jpeg","source_url":"https:\/\/figurkiporcelanowe.eu\/wp-content\/uploads\/2019\/12\/Rosenthal-M.Fritz-Ch\u0142opiec-z-sarenk\u0105-b-b-D-156x300.jpg"},"medium_large":{"file":"Rosenthal-M.Fritz-Ch\u0142opiec-z-sarenk\u0105-b-b-D-768x1477.jpg","width":768,"height":1477,"mime_type":"image\/jpeg","source_url":"https:\/\/figurkiporcelanowe.eu\/wp-content\/uploads\/2019\/12\/Rosenthal-M.Fritz-Ch\u0142opiec-z-sarenk\u0105-b-b-D-768x1477.jpg"},"large":{"file":"Rosenthal-M.Fritz-Ch\u0142opiec-z-sarenk\u0105-b-b-D-532x1024.jpg","width":532,"height":1024,"mime_type":"image\/jpeg","source_url":"https:\/\/figurkiporcelanowe.eu\/wp-content\/uploads\/2019\/12\/Rosenthal-M.Fritz-Ch\u0142opiec-z-sarenk\u0105-b-b-D-532x1024.jpg"},"post-thumbnail":{"file":"Rosenthal-M.Fritz-Ch\u0142opiec-z-sarenk\u0105-b-b-D-825x510.jpg","width":825,"height":510,"mime_type":"image\/jpeg","source_url":"https:\/\/figurkiporcelanowe.eu\/wp-content\/uploads\/2019\/12\/Rosenthal-M.Fritz-Ch\u0142opiec-z-sarenk\u0105-b-b-D-825x510.jpg"},"full":{"file":"Rosenthal-M.Fritz-Ch\u0142opiec-z-sarenk\u0105-b-b-D.jpg","width":1200,"height":2308,"mime_type":"image\/jpeg","source_url":"https:\/\/figurkiporcelanowe.eu\/wp-content\/uploads\/2019\/12\/Rosenthal-M.Fritz-Ch\u0142opiec-z-sarenk\u0105-b-b-D.jpg"}},"image_meta":{"aperture":"0","credit":"Ryszard Gacek","camera":"","caption":"Rosenthal-M.Fritz-Ch\u0142opiec-z-sarenk\u0105-b","created_timestamp":"0","copyright":"\u00a9 copyright by Ryszard Gacek - wszelkie prawa zastrze\u017cone","focal_length":"0","iso":"0","shutter_speed":"0","title":"Rosenthal-M.Fritz-Ch\u0142opiec-z-sarenk\u0105-b","orientation":"1","keywords":["porcelain figurine","Porzellanfigur","figur","mark","figurine de porcelaine","figurka porcelanowa"]}},"post":11,"source_url":"https:\/\/figurkiporcelanowe.eu\/wp-content\/uploads\/2019\/12\/Rosenthal-M.Fritz-Ch\u0142opiec-z-sarenk\u0105-b-b-D.jpg","_links":{"self":[{"href":"https:\/\/figurkiporcelanowe.eu\/index.php?rest_route=\/wp\/v2\/media\/3456","targetHints":{"allow":["GET"]}}],"collection":[{"href":"https:\/\/figurkiporcelanowe.eu\/index.php?rest_route=\/wp\/v2\/media"}],"about":[{"href":"https:\/\/figurkiporcelanowe.eu\/index.php?rest_route=\/wp\/v2\/types\/attachment"}],"author":[{"embeddable":true,"href":"https:\/\/figurkiporcelanowe.eu\/index.php?rest_route=\/wp\/v2\/users\/1"}],"replies":[{"embeddable":true,"href":"https:\/\/figurkiporcelanowe.eu\/index.php?rest_route=%2Fwp%2Fv2%2Fcomments&post=3456"}],"wp:attached-to":[{"embeddable":true,"post_type":"page","id":11,"href":"https:\/\/figurkiporcelanowe.eu\/index.php?rest_route=\/wp\/v2\/pages\/11"}],"curies":[{"name":"wp","href":"https:\/\/api.w.org\/{rel}","templated":true}]}}

http://figurkiporcelanowe.eu/wp-content/uploads/2019/12/Rosenthal-M.Fritz-Chłopiec-z-sarenką-b-b-D.jpg

Rosenthal-M.Fritz-Chłopiec-z-sarenką-b

<p class="attachment"><a href='https://figurkiporcelanowe.eu/wp-content/uploads/2019/12/Rosenthal-M.Fritz-Chłopiec-z-sarenką-b-b-D.jpg'><img loading="lazy" decoding="async" width="156" height="300" src="https://figurkiporcelanowe.eu/wp-content/uploads/2019/12/Rosenthal-M.Fritz-Chłopiec-z-sarenką-b-b-D-156x300.jpg" class="attachment-medium size-medium" alt="" srcset="https://figurkiporcelanowe.eu/wp-content/uploads/2019/12/Rosenthal-M.Fritz-Chłopiec-z-sarenką-b-b-D-156x300.jpg 156w, https://figurkiporcelanowe.eu/wp-content/uploads/2019/12/Rosenthal-M.Fritz-Chłopiec-z-sarenką-b-b-D-768x1477.jpg 768w, https://figurkiporcelanowe.eu/wp-content/uploads/2019/12/Rosenthal-M.Fritz-Chłopiec-z-sarenką-b-b-D-532x1024.jpg 532w, https://figurkiporcelanowe.eu/wp-content/uploads/2019/12/Rosenthal-M.Fritz-Chłopiec-z-sarenką-b-b-D.jpg 1200w" sizes="auto, (max-width: 156px) 100vw, 156px" /></a></p>

<p>Rosenthal-M.Fritz-Chłopiec-z-sarenką-b</p>

2019/12/Rosenthal-M.Fritz-Chłopiec-z-sarenką-b-b-D.jpg

Rosenthal-M.Fritz-Chłopiec-z-sarenką-b-b-D-150x150.jpg

https://figurkiporcelanowe.eu/wp-content/uploads/2019/12/Rosenthal-M.Fritz-Chłopiec-z-sarenką-b-b-D-150x150.jpg

Rosenthal-M.Fritz-Chłopiec-z-sarenką-b-b-D-156x300.jpg

https://figurkiporcelanowe.eu/wp-content/uploads/2019/12/Rosenthal-M.Fritz-Chłopiec-z-sarenką-b-b-D-156x300.jpg

Rosenthal-M.Fritz-Chłopiec-z-sarenką-b-b-D-768x1477.jpg

https://figurkiporcelanowe.eu/wp-content/uploads/2019/12/Rosenthal-M.Fritz-Chłopiec-z-sarenką-b-b-D-768x1477.jpg

Rosenthal-M.Fritz-Chłopiec-z-sarenką-b-b-D-532x1024.jpg

https://figurkiporcelanowe.eu/wp-content/uploads/2019/12/Rosenthal-M.Fritz-Chłopiec-z-sarenką-b-b-D-532x1024.jpg

Rosenthal-M.Fritz-Chłopiec-z-sarenką-b-b-D-825x510.jpg

https://figurkiporcelanowe.eu/wp-content/uploads/2019/12/Rosenthal-M.Fritz-Chłopiec-z-sarenką-b-b-D-825x510.jpg

Rosenthal-M.Fritz-Chłopiec-z-sarenką-b-b-D.jpg

https://figurkiporcelanowe.eu/wp-content/uploads/2019/12/Rosenthal-M.Fritz-Chłopiec-z-sarenką-b-b-D.jpg

© copyright by Ryszard Gacek - wszelkie prawa zastrzeżone
